be j(-6). Determine c(l).
0
Let u(x) be the third derivative of 0*x + 5/24*x**4 + 1/60*x**5 + 0 + 0*x**3 + x**2. Determine u(-5).
0
Suppose 5*z - j - 15 = 0, 0 = -2*z + z - 4*j + 24. Let o(a) be the first derivative of 2*a**3/3 - 3*a**2/2 + a + 49. Give o(z).
21
Let y(x) = x**2 - 5*x - 6. Let g be y(5). Let m(p) = -25 + 3*p**2 - 4*p**2 - 6*p + 2 + 23. Calculate m(g).
0
Suppose 0 = -2104*l + 2097*l - 126. Let p(s) = -2*s - 34. What is p(l)?
2
Let x = -5 + 9. Let l be (-30)/(-18) - (-1)/3. Let h(y) = y**3 + y + 7*y + 7 - x*y**l - 2*y**3 - y**2. Give h(-6).
-5
Let f(r) = -r**2 + 3*r + 1. Let v(p) = -1. Let y(l) = -f(l) - 4*v(l). Suppose 0 = 4*j + 4*u - 16, -2*u - 12 = 4*j - 6*j. Determine y(j).
13
Let l(r) = -r**3 - 8*r**2 - 10*r - 2. Let m = 269 - 276. What is l(m)?
19
Let h(j) = j**3 + 11*j**2 - 12*j - 2. Let i be h(-12). Let x(f) = 4*f**2 + 4*f + 5. What is x(i)?
13
Let x(b) be the third derivative of b**5/60 + b**4/6 + b**3/2 + 25*b**2 + 3. Let d = 19 + -13. Let n be (10/4)/((-3)/d). Calculate x(n).
8
Let j(o) = 2*o - 1. Let l = -637 + 641. Calculate j(l).
7
Let h(v) = -7*v**2 + v. Let s(o) be the third derivative of o**5/30 + 5*o**4/12 + o**3/6 - 16*o**2. Let y be s(-5). Determine h(y).
-6
Let f be 4/(-8) + (-15)/(-10). Let o(q) = -2*q**2 - 3*q - 3. Let z(k) = k**2. Let v(p) = f*o(p) + 3*z(p). Calculate v(4).
1
Let d = -93 - -92. Let o(f) be the second derivative of f**3/3 + 3*f. Calculate o(d).
-2
Suppose 0 = 2*p, 6*l + 4*p + 12 = 8*l. Let k(t) = t**3 - 7*t**2 + 3*t + 12. Calculate k(l).
-6
Let d(b) = -4*b**3 - 2*b**2 - 2*b - 1. Let l be d(-1). Let x(a) = 3*a + 2*a**2 - 2*a**3 + 10 + a**l - 4 - 9. Give x(2).
3
Let o(d) = 7*d - 1. Let z(b) = b + 2*b - 5*b - 4*b + 1. Let l(t) = -3*o(t) - 4*z(t). Calculate l(2).
5
Suppose -10 + 3 = h. Let u(m) be the third derivative of 2*m**2 + 1/60*m**5 - 4/3*m**3 + 5/24*m**4 + 0*m + 0. Calculate u(h).
6
Let u(w) = w + 41*w**3 - 19*w**3 - 5 - 21*w**3. Let i(n) = -n**2 - 5*n. Let r be i(-5). Give u(r).
-5
Suppose -96950 = -23*r + 9*r. Let u(f) = -r*f - 2*f**3 + 4*f**3 + 2 + 6923*f. What is u(2)?
14
Let c(n) be the second derivative of -n**7/2520 - n**6/144 + n**5/24 + 5*n**4/4 + 16*n. Let r(h) be the third derivative of c(h). Give r(-5).
5
Suppose 0 = 3*c - 2*c - 7. Let w(f) = -114*f + 39*f - c + 37*f + 40*f. Determine w(5).
3
Let r(z) = -z**3 + 3*z**2 - 2*z + 2. Let c be (-14 - -6)/(-64) + 50/(-16). Determine r(c).
62
Suppose -6*w + 4*w - 20 = 0. Let x = 14 + w. Let t(g) = 5*g - 2. What is t(x)?
18
Let i(d) = 7*d - 1. Let t(q) = -9*q. Let k(x) = -3*i(x) - 2*t(x). What is k(3)?
-6
Let h be (-52)/14 - 4/14*1. Let z be (h/(-3))/((-2)/3). Let q(g) = -2*g**2 - 2*g + 2. What is q(z)?
-2
Let s(z) be the first derivative of -z**2/2 + 8*z - 22. Let t(l) = -l + 13. Let d be t(8). Let w = d + -1. Determine s(w).
4
Suppose 4*f - 3*g - 33 - 108 = 0, 3*f - 2*g = 107. Suppose 5*y - 2*y = -54. Let p be 1/(2 + f/y). Let z(i) = -i**2 - 5*i + 6. Calculate z(p).
0
Let t(f) = 2*f**2 + 4*f - 2. Let q be t(0). Let n(y) = -y**2 - 2*y - 1. Calculate n(q).
-1
Let w be 2*6*(-8)/12. Let u be 27/(-6)*w/(-6). Let y(t) = -t - 3. Let f(c) = -c - 3. Let v(j) = 4*f(j) - 5*y(j). What is v(u)?
-3
Let t(n) = 16*n**2 + 46*n - 14. Let y(a) = 3*a**2 + 9*a - 3. Let k(r) = -2*t(r) + 11*y(r). Suppose -91 = -9*w - 145. Determine k(w).
-11
Let r(i) = -7*i - 13. Let o(y) = 6*y + 11. Let b(x) = -6*o(x) - 5*r(x). Calculate b(-2).
1
Let r(m) = -m**2 + 5*m + 4. Let z = -450 + 480. Let g be 0 - (-3 + -2 + 3). Suppose 3*l = -g*l + z. Give r(l).
-2
Suppose u - 5*j + 2*j + 7 = 0, 0 = 2*j - 6. Suppose -3*c = -c - 6, -4*t = 2*c - 14. Let g(p) = 2*p**2 - t*p**3 + p**3 - 3*p**u. Calculate g(-2).
4
Let w(j) = -5*j**2 - 3*j + 10. Let u(l) be the third derivative of -l**5/60 - l**4/24 + l**3/6 - 12*l**2. Let y(p) = -4*u(p) + w(p). Give y(5).
-14
Let u(o) = 4*o**2 + 3*o**3 - 2 - 2*o**3 - 7*o + 9*o. Let j be 36/16 - (-1)/(-4). Suppose -4*n + j*b - 8 + 2 = 0, 0 = n + b + 3. Determine u(n).
2
Let b(a) = a**2 - 12*a + 9. Let w be 6 + ((-3)/2)/((-81)/270). What is b(w)?
-2
Suppose 0 = 4*o - 2*c - 70, -4*o - 5*c = -0*c - 91. Let i = 13 - o. Let j(b) = -b**2 - 8*b - 7. Give j(i).
5
Let z(u) = -11*u + 34. Let w(g) = 5*g - 16. Let n(k) = 13*w(k) + 6*z(k). Give n(0).
-4
Let n be (7/3*3)/(-1). Let h(s) = s + 10. Calculate h(n).
3
Let x(k) = -22*k + 8. Let g(v) = -176*v + 66. Let h(w) = 4*g(w) - 33*x(w). What is h(1)?
22
Let f(c) be the second derivative of c**5/20 - c**4 + 2*c**3 - 7*c**2 - 139*c. Determine f(11).
-3
Let j(k) = -k - 1. Let p(s) = s + 1. Let b(l) = -2*j(l) - 3*p(l). What is b(8)?
-9
Let l(g) = g - 2. Let b = -18 + 20. Let y be (0 + 5)*b/5. Calculate l(y).
0
Let r be (-7)/(21/(-6))*1. Let i(u) = 22 + u**2 + 2*u - 23 - 2*u**r. Give i(2).
-1
Let o(l) = l**2 + 6*l + 6. Let i = 786 + -790. What is o(i)?
-2
Let k(m) = m**3 + 5*m**2 + 4*m - 1. Let j(n) = n**3 - n**2 + 8. Let t be j(0). Let l be (0 - (-392)/35) + (-2)/10. Let f = t - l. Give k(f).
5
Let s(f) be the first derivative of f**5/60 + f**4/24 - 21*f**2/2 + 15. Let m(d) be the second derivative of s(d). Calculate m(1).
2
Let p(j) = 0 - 5 + 2 - j**2 - 3*j. Let k be (-135)/6 + 1/(-2). Let l = k + 20. What is p(l)?
-3
Let n = 8 + -10. Let o = 8 - n. Let x(l) = o*l + 1 + 4 + l**2 - 4*l. Give x(-6).
5
Let z(p) = -2*p**2 - 3*p + 3. Suppose 0 = -3*x - 5*u - 9 + 1, 40 = 5*x - 5*u. Suppose -2*k - 5*t - 20 = -x, -3*k - t = -2. Determine z(k).
-11
Let p(k) = -k**3 + 3*k**2 - 2*k - 2. Let u = 5 - 2. Suppose 0 = u*f - 5*d - 6, -2*d + 4*d = 0. What is p(f)?
-2
Let i = 20 + 19. Let q(y) = 0*y - y + i - 60 + 27. Give q(3).
3
Let b(k) be the first derivative of k**3/3 - 2*k**2 - 5*k - 32. Determine b(6).
7
Let q be 3/(3*1/5). Let n(c) = 3*c - q - 2*c**2 + 5 + 1. Let b = -49 - -52. Determine n(b).
-8
Let f(m) be the third derivative of m**6/120 + 2*m**5/15 + m**4/4 + m**3/2 - 759*m**2. Determine f(-6).
39
Let i = -21 + 0. Let u be (-90)/i + (-4)/14. Let z(t) = 9 - 7 - t**3 + t + 4*t**2 - 2*t. Calculate z(u).
-2
Let q(o) = -o**3 - 2*o**2 - 5*o - 6. Suppose -112 = 48*m + 80. Calculate q(m).
46
Let t(h) be the second derivative of 0*h**3 + 0 - 13*h - 5/12*h**4 + 1/2*h**2. Calculate t(-1).
-4
Let n(o) = -2*o**3 - 3*o**2 - o + 2. Suppose -4*x = -2*v - 3*v + 2, -3*v + 4 = -x. Suppose -v*a - 57 = -53. Determine n(a).
8
Let h(a) = -21*a + 1. Suppose -17*j = -13*j - 4. Determine h(j).
-20
Let g = -44 + 72. Let p be (-16)/(-6) + g/(-42). Let f be (p/4)/((-1)/(-12)). Let d(u) = -u - 2. Determine d(f).
-8
Let j be (4/(-3))/((-1)/(-3)). Let p(o) = -11 - 15 - 17 + 47 - 3*o**2 - 3*o + 2*o**2. Determine p(j).
0
Let c(h) = -9*h**2 - 8*h**2 + 25*h**2 + 6 - 9*h**2 + h + 7*h. Give c(5).
21
Suppose -4 = 2*i - 2*o + 4, 0 = -5*o. Let s(t) = -2 - t - 1 + 2. What is s(i)?
3
Suppose -47 = 3*l + 10. Let o = 17 + l. Let j(d) = -d**2 - 2*d + 1. Give j(o).
1
Let x(g) = -2*g**2 + 6*g - 6. Let o be -3 + ((-4)/(-7) - (-1140)/210). Give x(o).
-6
Let r(n) = -17*n - 342. Let x be r(-20). Let h(p) = p**2 - 2. Determine h(x).
2
Let x(h) = -11*h + 2 + 5*h**2 + 30*h - 16*h - h**2 - h**3 - 5*h. Determine x(4).
-6
Let g(b) = b + 2. Suppose -16 = -4*l + 44. Let s be 6/l + 423/(-45). Determine g(s).
-7
Let k(o) = 13*o**3 + 5*o**2 + o - 11. Let a(g) = 27*g**3 + 9*g**2 + g - 18. Let j(w) = 3*a(w) - 5*k(w). Determine j(1).
17
Suppose 13*u - 16*u = 0. Let f(s) = 8*s**3 + 2*s**2 - 9*s**3 - 3*s**2 - s + u + 14. Calculate f(0).
14
Let s(l) be the third derivative of l**6/120 + l**5/60 - l**4/24 + 29*l**3/6 + 12*l**2 - 3. Determine s(0).
29
Let s(t) = -3*t + 4. Let n = 2753 + -2745. What is s(n)?
-20
Let z be (-328)/20 + 4/10. Let y = z + 88. Let v(u) = 7*u**2 - 3*u**2 - 73*u**3 + y*u**3 + u + 4*u + 6. Determine v(5).
6
Let j(s) = -3*s + 9. Let b be (2/3)/(192/90 - 2). What is j(b)?
-6
Let g(f) = 86*f**2 + f - 1. Suppose 4*k + 9*d - 2*d = -24, -5*d = 5*k + 15. Give g(k).
86
Let u(c) be the third derivative of c**5/60 - c**4/24 - 7*c**3/3 - 9*c**2 + 27. What is u(4)?
-2
Let f(j) = -j**3 + 6*j**2 - 6*j. Let l = 12 + -9. Suppose 14 - 4 = -b + 4*o, -4*o + 34 = l*b. Let k be 6/(-12) + 33/b. Calculate f(k).
-5
Let j(z) = z**2 - 5*z - 2. Let a(s) = 3*s**2 - 4*s + 5. Suppose 2*m - 7*m = -20. Let f be a(m). Let c = f + -31. Calculate j(c).
4
Suppose w = 3*w - 10. Let g(v) = -2 - 3 + v 